. Suppose f*v - 460 = -v. What is the tens digit of v?
1
Suppose 14698 = 2*r + 58*h - 53*h, -10 = 5*h. What is the tens digit of r?
5
What is the units digit of -3*((-9)/(-45) + (-356104)/120)?
2
Let w = -30 - -32. Let j be (-6)/(-27) - (-8)/(-36). Suppose 132 = w*r - j*r. What is the tens digit of r?
6
Suppose 5*f + 68 = 8. Let l(z) = 2*z - 11. Let p be l(f). What is the units digit of 862/8 - (1 - p/(-28))?
8
Let a(u) = 2*u**2 - 53*u + 31. Let k be a(26). Suppose -6060 = -5*g - 5*l, g - 1832 + 608 = -k*l. What is the tens digit of g?
0
Let t(g) = -5*g**3 + 2*g + 2. Let j be t(-1). Suppose 3*d - 294 = j*c - 93, 3*d + 4*c - 201 = 0. What is the tens digit of d?
6
Let y = -103 - -105. Suppose -1430 = -5*o + 2*d + 457, o + y*d - 375 = 0. What is the hundreds digit of o?
3
Suppose -3*a = -c + 1920 + 3361, 2*c = 2*a + 10546. What is the tens digit of c?
6
Suppose -y + 16653 = 2*u - 2091, -5*y = 5*u - 46855. Suppose -413 = 20*a - u. What is the hundreds digit of a?
4
Suppose 21076 = 4*g + 4*s, 4*g = 231*s - 234*s + 21073. What is the thousands digit of g?
5
Let v = 2297 + -64. Let y = -867 + v. What is the tens digit of y?
6
Suppose -20306*q - 496938 = -20329*q. What is the hundreds digit of q?
6
Suppose 3808 = -60*j + 68*j. Suppose -b + j = -2*c, 45 = -b + 4*c + 525. What is the tens digit of b?
7
Let w(n) = 6*n**3 - 16*n**2 - 11*n + 26. Let z be w(9). Suppose 12*f + 2*l + 2254 = 15*f, -z = -4*f + 3*l. What is the hundreds digit of f?
7
Let s(a) = -a**3 + 9*a**2 + 30. Let y be s(9). Suppose 2*p + 6 - y = 2*z, 2*p - 5*z - 39 = 0. What is the units digit of p?
7
What is the thousands digit of (-102936)/(-6)*(-13)/130*-15?
5
What is the thousands digit of (-17)/(-1*4/2512)*1?
0
Let q(f) = 4*f + 62. Let g be q(-15). Suppose -2*m = g*y - 4, -3*m + 4 = 3*y + 2*m. What is the units digit of y?
3
Let g be 7/(((-60)/(-18))/(-10)). What is the hundreds digit of 7464/18 + g/(-9)?
4
Suppose -6*f + 4 = 4. Suppose f = 22*k - 19*k - 12. Let b(h) = 2*h**2 - 8*h + 8. What is the units digit of b(k)?
8
Suppose 14 = s - 3*x, 0 = 2*s - 7*x + 5*x - 12. What is the tens digit of (429 - (0 + s)) + 5?
3
Suppose 9*l + 4*l + 1118 = 0. Let j = l + 126. Let t = 113 - j. What is the units digit of t?
3
Let c(a) = -291*a**3 - 30*a**2 - 175*a + 7. What is the thousands digit of c(-5)?
6
Let q = 20431 + -8500. What is the tens digit of q?
3
Suppose -11*i - 4*p + 156399 = 0, -14205 = -0*i - i + 4*p. What is the units digit of i?
7
Suppose -3*m - 5*z = -0*m + 55, -23 = m - 3*z. Let t(d) = 3*d**2 - 14*d + 140. What is the tens digit of t(m)?
2
Let z(y) be the third derivative of -y**6/60 - 19*y**5/120 - 13*y**4/24 - 11*y**2. Let t(k) be the second derivative of z(k). What is the units digit of t(-7)?
5
Suppose 0 = 69*r - 65*r - 8. Suppose 0 = -r*s + 212 - 194. What is the units digit of s?
9
Let y(v) = -v**3 + 13*v**2 - 9*v - 29. Let s be y(12). Suppose 2*k - 3*h - 1158 = -s*h, -k + h = -594. What is the tens digit of k?
8
Suppose 8*h - 25*h = -4148. Suppose 243 = 5*j + 2*a, -a + h = 3*j + 2*j. What is the tens digit of j?
4
Suppose 35*v - 21*v - 9*v = 186955. What is the hundreds digit of v?
3
Suppose -82*v + 331157 = -809135. What is the hundreds digit of v?
9
Suppose -5*i - 5*w + 7 - 232 = 0, i - 3*w + 33 = 0. Suppose 5*h - 430 = 5*a, -4*a + 3*a = 2*h - 184. Let u = h + i. What is the tens digit of u?
4
Let v(p) = -3*p**3 - 3*p**2 + 5*p + 2. Let y be v(-2). Suppose 2*b - y*s + 2*s - 1976 = 0, b - 996 = -s. What is the hundreds digit of b?
9
Let h(t) = 13*t**2 + 55*t - 50. What is the hundreds digit of h(20)?
2
Let p be (-3552)/2 - (8 + -13). Let k = -973 - p. What is the units digit of k?
8
Let s(y) = 3785*y - 4529. What is the tens digit of s(6)?
8
Let y(i) = 7*i**3 + 2*i**2 - 2*i - 8. Let x(d) = -d**3 + d - 1. Let m(h) = -6*x(h) - y(h). What is the hundreds digit of m(-7)?
2
Let y be -3 - ((-136)/4 + 1). Let b = -12 + y. What is the units digit of (-258)/(-54) - 5 - (-112)/b?
6
Let h = 22 - -131. What is the tens digit of 260200/850 + (-3)/(h/6)?
0
Let s(g) = -g**2 - g**2 + 11*g + 13 + 4*g**2 - g**2. Let z be s(-10). Suppose z*c - 72 = 111. What is the tens digit of c?
6
Let g = -632 - -4844. Suppose -1053*a = -1062*a + g. What is the hundreds digit of a?
4
What is the units digit of (169047/45)/(3/10)?
2
Suppose 7*b = -125 + 1161. Let c = 266 - b. What is the hundreds digit of c?
1
Suppose 155*f - 34*f - 1191770 = 438584. What is the thousands digit of f?
3
Let m(d) = 651*d - 7. Let v be m(2). What is the thousands digit of 48/8 + v/1?
1
Let m be 4/(-10) + ((-20628)/(-45) - 0). Suppose 0 = -t + 4*a + m + 36, -1952 = -4*t + 4*a. What is the hundreds digit of t?
4
Let r = -65 - -65. Suppose r = g - 2*s - 20, 0*s + 64 = 5*g - s. Let h(t) = -t**2 + 13*t + 23. What is the tens digit of h(g)?
3
Let q(f) = f**2 + 4*f + 17. Let g be q(-7). Suppose 0*s + 3*s - p = g, -3*p + 82 = 5*s. Let r = 58 - s. What is the tens digit of r?
4
Let u(t) = -46*t - 2. Suppose 3*i - 2*f = 6, 2*f = 2*i - f + 1. Suppose -5*y - i = -h, -2*h - 5*y + 0*y = 7. What is the units digit of u(h)?
4
Suppose 4*s - s = g + 44, 0 = 5*g + 4*s + 163. Let p = g + 45. What is the units digit of (46/5)/(4/p)?
3
Suppose -z + 3*k = -25, -z = 3*z + 3*k - 175. Let x be ((-192)/(-80))/((-6)/z). Let t = x + 23. What is the units digit of t?
7
Let o(k) be the first derivative of k**4/4 + 7*k**3/3 + 16*k**2 - 10*k + 180. What is the thousands digit of o(8)?
1
Let o(g) = -g - 1. Let k be o(-3). Let b be 3/12 - (39/65)/(8/30). What is the tens digit of (-362)/b + k - (2 + -6)?
8
Let b(a) = -4*a + 25. Let g be b(6). What is the thousands digit of (-802*g)/((-99)/22 - -4)?
1
Let d = 54 - 53. What is the tens digit of ((-2540)/80)/(d/(-16))?
0
Let d = 3557 + -2117. Suppose -x - 567 = -2*z, -x + d = 5*z + x. What is the hundreds digit of z?
2
Let p(w) = 8*w**2 - 14*w - 111. Let z be 3*((-4)/3)/2*3. What is the hundreds digit of p(z)?
2
Let a = 52609 - 26173. What is the hundreds digit of a?
4
Let c = 95483 + -46694. What is the thousands digit of c?
8
Suppose 0 = -2*b - n + 7 - 0, -3*n = -2*b + 19. Let z be (b/(-20) - -1)/((-3)/24). Let g(v) = -31*v + 17. What is the tens digit of g(z)?
0
What is the tens digit of -16 + 404*(-594)/(-24)?
8
Let x(l) = 8*l**2 + 24*l - 122. What is the hundreds digit of x(-21)?
9
Suppose 0 = 4*z + 2*p - 4, 4*z + 20 = 9*z - 5*p. Suppose 0 = 3*y - z*m - 432 - 1641, 2*y - 5*m = 1371. What is the tens digit of y?
9
Suppose -4*s + 152 = -18*h + 17*h, -5*h = -4*s + 712. What is the tens digit of (-1332)/15*h/21 - 4?
8
Suppose 4*u = -u - 5*d, 2*u + 5*d = -12. Suppose -u*g + a = -3*g - 2, 5*a = 5. Suppose 0 = -g*z + 15 + 9. What is the units digit of z?
8
Let p(w) = 31*w**2 - w + 2. Let k(m) = -m**3 + 14*m**2 + 16*m - 13. Let l be k(15). Let b be p(l). Let y = b - 76. What is the units digit of y?
8
Let v(x) = 7*x + 148. Let y be v(-21). Let u(p) = 130*p**2 + 42*p**2 + 1 - 3 + 11*p**2 + 4*p. What is the tens digit of u(y)?
8
Suppose 2*z + 0 = -5*p - 384, 0 = -2*p - z - 153. Let h = p - -78. Suppose x = 4*x + a - 265, -5*x - 2*a + 443 = h. What is the tens digit of x?
8
Suppose -3*o = -5*x + 66313 + 59299, -25113 = -x + 10*o. What is the units digit of x?
3
Let m be 62640/32 + 1/2. Suppose -m = -4*u - 7*u. What is the hundreds digit of u?
1
Suppose -5*q - 58023 + 192428 = 0. What is the tens digit of q?
8
Let r(t) = 7*t - 19. Let g be r(5). Suppose 6555 = g*h - 2037. What is the tens digit of h?
3
Suppose -3*c = 9*f - 5*f - 2277, -2*f + 1137 = 3*c. Let r = -404 + f. What is the units digit of r?
6
Suppose 22*q + 266767 = 1152553. What is the ten thousands digit of q?
4
Suppose 5*m - 734*x + 732*x = 159916, 0 = -m + 3*x + 31965. What is the thousands digit of m?
1
What is the tens digit of 11/33 + (0 - (-25719)/9)?
5
Let y(r) be the second derivative of 91*r**5/10 - r**4/2 + r**3/6 + 5*r**2 - 3*r + 21. What is the hundreds digit of y(2)?
4
Suppose -21*f + 7*f = -28. Let w be (15/9 + f)/((-2)/90). Let n = 319 + w. What is the units digit of n?
4
Suppose -3*n - 42 = -3*z, -3*n - 24 = -5*z + 38. Suppose -31*w - z*w + 2460 = 0. What is the tens digit of w?
6
Let f = 200 - 299. Let a = f + 101. Suppose 0 = -5*k + 3*l - 7*l + 960, -a*k + 412 = -4*l. What is the units digit of k?
6
Let t be ((-3)/(-9))/((-4)/(-12)).